s the remainder when 22695 is divided by 1271?
1088
What is the remainder when 3266309 is divided by 2044?
2041
What is the remainder when 389887 is divided by 43?
6
Calculate the remainder when 229739 is divided by 45922.
129
What is the remainder when 74667 is divided by 137?
2
What is the remainder when 2144 is divided by 678?
110
What is the remainder when 25599 is divided by 197?
186
Calculate the remainder when 170238 is divided by 266.
264
Calculate the remainder when 1682 is divided by 42.
2
Calculate the remainder when 473975 is divided by 232.
231
What is the remainder when 10542 is divided by 5149?
244
Calculate the remainder when 23673 is divided by 2367.
3
Calculate the remainder when 56453 is divided by 56237.
216
Calculate the remainder when 132527 is divided by 1.
0
What is the remainder when 2364 is divided by 668?
360
Calculate the remainder when 363169 is divided by 9557.
3
What is the remainder when 102596 is divided by 37?
32
What is the remainder when 138516 is divided by 46168?
12
What is the remainder when 411 is divided by 246?
165
What is the remainder when 5328 is divided by 24?
0
Calculate the remainder when 43987 is divided by 23.
11
Calculate the remainder when 586906 is divided by 195618.
52
What is the remainder when 279953 is divided by 716?
713
What is the remainder when 11106 is divided by 505?
501
What is the remainder when 219721 is divided by 55?
51
Calculate the remainder when 660 is divided by 154.
44
Calculate the remainder when 73732 is divided by 36848.
36
What is the remainder when 32116 is divided by 15987?
142
What is the remainder when 32983 is divided by 248?
247
What is the remainder when 1079 is divided by 222?
191
Calculate the remainder when 269695 is divided by 396.
19
What is the remainder when 11803 is divided by 844?
831
What is the remainder when 247 is divided by 7?
2
Calculate the remainder when 2031 is divided by 314.
147
Calculate the remainder when 11784 is divided by 90.
84
Calculate the remainder when 36057 is divided by 55.
32
What is the remainder when 57216 is divided by 90?
66
What is the remainder when 20883 is divided by 92?
91
What is the remainder when 38613 is divided by 7713?
48
What is the remainder when 25230 is divided by 35?
30
What is the remainder when 9661 is divided by 88?
69
Calculate the remainder when 859420 is divided by 17.
2
What is the remainder when 1863 is divided by 102?
27
What is the remainder when 137193 is divided by 97?
35
Calculate the remainder when 770 is divided by 286.
198
What is the remainder when 13536 is divided by 2690?
86
What is the remainder when 77678 is divided by 40?
38
What is the remainder when 8150667 is divided by 15?
12
Calculate the remainder when 60 is divided by 37.
23
Calculate the remainder when 724897 is divided by 275.
272
Calculate the remainder when 774058 is divided by 21.
19
What is the remainder when 5030 is divided by 4995?
35
Calculate the remainder when 78843 is divided by 512.
507
What is the remainder when 421956 is divided by 210969?
18
What is the remainder when 10308 is divided by 9843?
465
Calculate the remainder when 54726 is divided by 157.
90
What is the remainder when 1359 is divided by 15?
9
What is the remainder when 8101 is divided by 289?
9
What is the remainder when 7010 is divided by 65?
55
What is the remainder when 36842 is divided by 46?
42
What is the remainder when 7005 is divided by 62?
61
What is the remainder when 5508 is divided by 44?
8
Calculate the remainder when 11537 is divided by 122.
69
Calculate the remainder when 19917 is divided by 439.
162
What is the remainder when 12543 is divided by 50?
43
What is the remainder when 47077 is divided by 266?
261
What is the remainder when 1326620 is divided by 23?
3
Calculate the remainder when 78652 is divided by 17.
10
What is the remainder when 118653 is divided by 41?
40
Calculate the remainder when 5014 is divided by 125.
14
What is the remainder when 43456 is divided by 8688?
16
Calculate the remainder when 147250 is divided by 17.
13
Calculate the remainder when 36717 is divided by 9177.
9
What is the remainder when 1226 is divided by 16?
10
What is the remainder when 19531948 is divided by 15?
13
What is the remainder when 4890680 is divided by 22?
14
Calculate the remainder when 10413 is divided by 549.
531
What is the remainder when 2921770 is divided by 2445?
2440
Calculate the remainder when 56457 is divided by 270.
27
Calculate the remainder when 836 is divided by 60.
56
What is the remainder when 6299 is divided by 6269?
30
Calculate the remainder when 4618 is divided by 381.
46
Calculate the remainder when 25393 is divided by 197.
177
Calculate the remainder when 1517 is divided by 1262.
255
Calculate the remainder when 902 is divided by 186.
158
Calculate the remainder when 996349 is divided by 449.
18
What is the remainder when 208926 is divided by 7?
4
Calculate the remainder when 24152 is divided by 24125.
27
Calculate the remainder when 5164 is divided by 731.
47
Calculate the remainder when 22489 is divided by 2043.
16
Calculate the remainder when 2547 is divided by 394.
183
Calculate the remainder when 14483 is divided by 4814.
41
Calculate the remainder when 74928 is divided by 52.
48
What is the remainder when 334831 is divided by 24?
7
What is the remainder when 12982 is divided by 146?
134
Calculate the remainder when 36595 is divided by 610.
605
Calculate the remainder when 10597 is divided by 180.
157
Calculate the remainder when 19190 is divided by 9588.
14
What is the remainder when 191962 is divided by 224?
218
What is the remainder when 391 is divided by 130?
1
What is the remainder when 59567 is divided by 14888?
15
What is the remainder when 411 is divided by 29?
5
What is the remainder when 17026 is divided by 258?
256
What is the remainder when 15961 is divided by 1592?
41
What is the remainder when 1743 is divided by 188?
51
Calculate the remainder when 409529 is divided by 54.
47
What is the remainder when 3278 is divided by 1084?
26
Calculate the remainder when 6695 is divided by 76.
7
What is the remainder when 39420 is divided by 3026?
82
Calculate the remainder when 336290 is divided by 744.
2
What is the remainder when 9917 is divided by 29?
28
Calculate the remainder when 726 is divided by 512.
214
Calculate the remainder when 161250 is divided by 13.
11
What is the remainder when 18763 is divided by 6143?
334
What is the remainder when 1138 is divided by 778?
360
What is the remainder when 209193 is divided by 257?
252
What is the remainder when 82585 is divided by 111?
1
Calculate the remainder when 1199278 is divided by 456.
454
What is the remainder when 37647 is divided by 9?
0
Calculate the remainder when 19387 is divided by 235.
117
What is the remainder when 15467 is divided by 10?
7
Calculate the remainder when 9811 is divided by 307.
294
Calculate the remainder when 16680 is divided by 145.
5
Calculate the remainder when 57475 is divided by 19157.
4
What is the remainder when 5802 is divided by 1924?
30
What is the remainder when 17769 is divided by 33?
15
Calculate the remainder when 332127 is divided by 776.
775
Calculate the remainder when 170 is divided by 58.
54
What is the remainder when 68871 is divided by 177?
18
What is the remainder when 77161 is divided by 51?
49
What is the remainder when 3206 is divided by 75?
56
What is the remainder when 47954 is divided by 6846?
32
What is the remainder when 576369 is divided by 632?
617
What is the remainder when 38329 is divided by 19163?
3
What is the remainder when 4044 is divided by 98?
26
Calculate the remainder when 40163 is divided by 2352.
179
Calculate the remainder when 3589 is divided by 1277.
1035
Calculate the remainder when 241308 is divided by 29.
28
Calculate the remainder when 22523 is divided by 85.
83
Calculate the remainder when 204604 is divided by 796.
32
Calculate the remainder when 1028853 is divided by 1304.
1301
What is the remainder when 166977 is divided by 2256?
33
Calculate the remainder when 6824 is divided by 1967.
923
What is the remainder when 4444 is divided by 493?
7
Calculate the remainder when 384 is divided by 158.
68
Calculate the remainder when 4784 is divided by 44.
32
What is the remainder wh